39311 + 84263. What are the prime factors of k?
2, 3, 1873
Let g(w) = -7*w + 7. Let p = 18 + -13. Suppose 0 = 2*y + p*y + 63. What are the prime factors of g(y)?
2, 5, 7
Let m be 9888/80 + 3/((-15)/(-2)). Let s = m + -61. List the prime factors of s.
3, 7
Let m be 22*(44/8 - 6). Let u = 377 - m. What are the prime factors of u?
2, 97
Let f(a) = 43 + 4*a + a - 3*a - a. What are the prime factors of f(18)?
61
Let b = 47525 - 25917. What are the prime factors of b?
2, 37, 73
Let w(h) = 17*h - 17 - 216*h - 15. List the prime factors of w(-2).
2, 3, 61
Suppose 2*b = -4*b - 414. Let w = 73 + b. Suppose 4*i - 762 = -2*z, -w*i + 2*z + 753 = z. What are the prime factors of i?
3, 7
Suppose -3*x = -d - 965, 5*x - x + 2960 = -3*d. Let b = d - -1700. What are the prime factors of b?
2, 3, 5
Suppose 2*j - 4*j - 8 = -4*d, -4*j + 11 = d. Suppose -9 = -3*c, -h + 2*h - 394 = d*c. What are the prime factors of h?
13, 31
Let d(q) = -q**3 - 8*q**2 - 6*q. Let l be d(-7). Let m(x) = x + 16. Let g be m(l). What are the prime factors of (-2)/g + (-2992)/(-18)?
2, 83
Let v(h) = -17*h**3 - 4*h**2 + 4*h + 13. Let x be 4/(-3)*(-57)/(-38). List the prime factors of v(x).
5
Let a(i) be the second derivative of 46*i**3/3 - 110*i**2 + 148*i. List the prime factors of a(7).
2, 53
Suppose 6*z - 4*z = 760. Let b = z + -108. Suppose 12*m - 16*m + b = 0. What are the prime factors of m?
2, 17
Suppose 3*g = -10 - 5. List the prime factors of 7062/14 + (-128)/(-28) + g.
2, 3, 7
List the prime factors of (1 + -306)/((10/25)/(1778/(-35))).
5, 61, 127
Suppose -15*t + 4*z = -0*t - 185835, 12389 = t + 2*z. List the prime factors of t.
13, 953
Let t(z) = 2*z**2 + 13*z + 39. Let x be t(-5). Suppose 29*j - 8049 = x*j - 3*o, -3*j = 5*o - 4839. What are the prime factors of j?
2, 3, 67
Let l(p) = p**3 + 3*p**2 + p + 3. Let c be 2/(-3) - (49/21 - 0). Let b be l(c). Suppose b = -t + 4, 3*r + 0*t - 439 = -t. List the prime factors of r.
5, 29
List the prime factors of (66/264 + (-46)/(-8))/(6/6052).
2, 17, 89
Suppose 2*q - 3*w + 7 = -0*q, -4*q + 6 = -2*w. Suppose q*k = 32 - 196. Let c = 49 + k. What are the prime factors of c?
2
Suppose 21*t = 22*t - 7. Suppose 5*l = 5*v + t*l + 846, 4*l + 12 = 0. Let m = v - -339. List the prime factors of m.
3, 19
Suppose v - 6*n + 7*n = 1, -5*v + 3*n + 13 = 0. Suppose -3*a - 1064 = -8*a + 4*s, 0 = 2*a - v*s - 426. What are the prime factors of a?
2, 53
Suppose -49 - 91 = -f + 3*l, 5*f + 5*l = 800. Suppose 4*t - 2*t = 664. Let n = t - f. What are the prime factors of n?
3, 59
Suppose -a = -2*a + 3. Let i be (a/9)/(7/168). Suppose -i*s = -2*s - 264. List the prime factors of s.
2, 11
Suppose -3*n + 71 = -73. Suppose -34*y + n*y = 28. What are the prime factors of y?
2
List the prime factors of (-550888)/(-45) + 96/2160.
2, 6121
Let v = -16713 + 27503. List the prime factors of v.
2, 5, 13, 83
Let d be (0 - (-3)/2)/(3/368). Suppose 13*k - 622 = d. Suppose 118 + k = 3*f. What are the prime factors of f?
2, 3, 5
Let z = 148 - 135. Suppose -22*y = -z*y - 4221. What are the prime factors of y?
7, 67
Let t be 76 - (-1 + 1)/5. Let n = t + -65. Suppose -n*v + 7*v = -580. What are the prime factors of v?
5, 29
Let u(b) = -50*b**2 - 3*b + 7. Let a be u(-4). Let s = a - -1358. List the prime factors of s.
577
Let c(j) = -13*j + 46. Let w = -27 - -9. List the prime factors of c(w).
2, 5, 7
Suppose 0 = 2*t + 4*q - 83242, -64*q + 208049 = 5*t - 68*q. List the prime factors of t.
3, 11, 13, 97
Suppose 0 = 8*p - 3*p - 5, -m - 2*p = 244. What are the prime factors of (m/(-3))/((-4)/(-16))?
2, 41
Suppose -1555*z + 1558*z = -5*a + 76582, -4*a + 61263 = 5*z. What are the prime factors of a?
17, 53
Suppose -49 = 2*x - 59. What are the prime factors of x/5 - (-1 + -148)/1?
2, 3, 5
Suppose 0 = 46*g - 55591 - 609017. List the prime factors of g.
2, 3, 7, 43
Let g = 268 - 264. What are the prime factors of ((-3756)/(-9))/(g/6)?
2, 313
Suppose -v + 25 = -4*k, 3*k - 35 = -3*v + 100. Suppose -v + 549 = 2*p. List the prime factors of p.
2, 127
Let s = 442 + -737. Let c = 480 + s. What are the prime factors of c?
5, 37
Suppose -173 = -2*i + 45. Suppose 2*a = i + 295. List the prime factors of a.
2, 101
Suppose -21*c - 78*c + 1163943 = 0. List the prime factors of c.
3, 3919
Suppose 3*u - 7*q + 2*q - 131 = 0, -2*q = -5*u + 212. Let g be (2/(-3))/(14/u). What are the prime factors of (-40)/25*(1 - 33 - g)?
2, 3
Suppose -3*d - 1842 = 3*s, -2*s + 8*d - 1232 = 6*d. List the prime factors of (136/85)/((-3)/s).
2, 41
Suppose v + 1524 - 5228 = -2*w, 4 = -v. List the prime factors of w.
2, 3, 103
What are the prime factors of -18 + (-10 - -38) + 34959?
11, 17
List the prime factors of (-3)/5 - (3/5)/(39/(-588939)).
2, 3, 5, 151
Let d(t) = 866*t**3 + 56*t**2 - 173*t + 30. List the prime factors of d(3).
3, 11, 709
Suppose 2*t + 20801 + 7646 = 3*h, -2*h = -5*t - 18983. List the prime factors of h.
9479
Let f(l) = l**3 + 11*l + 4*l**2 - 80 + 62 + 35. List the prime factors of f(5).
3, 11
Let z be (-1)/(2/9*(-9)/6). Let j = z + -6. What are the prime factors of j/(-4) - (-999)/12?
2, 3, 7
Suppose -i = -5*d + 18, 4*d + i - 6 = 3*d. Suppose -4*r + r + d*r = 0. Let v(s) = -s + 98. What are the prime factors of v(r)?
2, 7
Suppose 0 = -5*b + 6*b - 1. List the prime factors of (b - (-652)/10)/((-30)/(-150)).
331
Let q(i) = -3*i + 25. Suppose -4*r + 6*r = -5*d + 33, 0 = -5*r - 4*d + 57. Let h be q(r). List the prime factors of 36/27*(h + 453/6).
2, 7
Let z be (-30754)/(-30) + (-20)/150. Suppose -z = -5*x - 30. Let h = x - 118. List the prime factors of h.
3
Let f = -4 - -28. Suppose -f + 4 = -4*c. Suppose -i + 54 = 4*s, c*s - 212 = -5*i + 118. List the prime factors of i.
2, 5, 7
Suppose 0 = -54*h - 26*h + 287600. List the prime factors of h.
5, 719
Suppose -4*y + 97 = 4865. Let c = -96 - y. List the prime factors of c.
2, 137
Let v(l) = 13*l**2 - 21*l - 41. Let k(p) = 6*p**2 - 10*p - 20. Let j(c) = 7*k(c) - 3*v(c). Let b be j(-3). Let o = b + -7. What are the prime factors of o?
2, 3
What are the prime factors of (-29624800)/(-700) - 8/7?
2, 5, 23
Suppose 419*j - 520*j + 7396836 = 0. List the prime factors of j.
2, 3, 17, 359
Let n(t) = -t**3 - t**2 + 2*t + 3. Let z be 96/(-54) - (-4)/(-18). Let u be n(z). Suppose -101 = -3*g + o, u*g - 3*o - 31 = 2*g. List the prime factors of g.
2, 17
Let z(h) = -6*h**2 + 801*h - 3. What are the prime factors of z(62)?
3, 5, 197
Let d(p) = 150*p - 14. Let s(l) = -151*l + 13. Let v(j) = 2*d(j) + 3*s(j). Let w be v(-2). Let t = 461 - w. List the prime factors of t.
2, 3
Suppose 16 = 9*d - 7*d. Let l(u) = -5*u**2 - 25*u + 18. Let k(n) = -3*n**2 - 17*n + 12. Let y(j) = d*k(j) - 5*l(j). What are the prime factors of y(15)?
2, 3, 11
Let c(k) = 16*k + 4. Let r be (-9)/(-6)*4/3. Let m be (32/12 - r) + (-76)/(-12). What are the prime factors of c(m)?
2, 29
Let q(h) = -4*h**2 - 20*h + 29. Let a(b) = -2*b**2 - 10*b + 14. Let p(k) = 5*a(k) - 2*q(k). Let v be p(-13). Let x = 276 + v. What are the prime factors of x?
2, 5
Let l be (-3 - (-7 + 3))*5. Suppose -3*a - 26 = -x, l*x = 3*a - 12 + 94. Suppose c - x = 3. List the prime factors of c.
17
List the prime factors of ((-431)/(-4))/(-12 - 4*(-1156)/384).
2, 3, 431
Suppose 15*m - 80 = 100. What are the prime factors of m/66 - -4*1252/44?
2, 3, 19
Let g be 34/8 - (-5)/(-20 - 0). Let v be -6 + (-65)/(-15) - g/3. List the prime factors of (1085/7)/(v - -4).
5, 31
Suppose 0 = -u + 5 - 9, j - 2*u = 1553. List the prime factors of j.
3, 5, 103
Suppose -5*a + 0*a = 5*b + 15, -a = 3*b + 5. List the prime factors of (-21 + 19)/(317/318 + b).
2, 3, 53
Let b(s) = s - 3 - 30 - 122*s - 13. What are the prime factors of b(-5)?
13, 43
Let y = 3 - -7. Suppose y*h - 9*h = 13. What are the prime factors of 1 + -1 + 1105/h?
5, 17
Suppose -3*m - 90 = -8*m. Suppose -2*n - 2*n = -3*l - 1, 4*l + m = -3*n. What are the prime factors of n*(-81)/12 + (-3)/(-6)?
2, 7
Let f = -2582 - -9249. What are the prime factors of f?
59, 113
Let k = -49 + 52. What are the prime factors of (-140)/210*((-3789)/2)/k?
421
Let g(m) = m**3 - 3*m**2 + 5*m - 4. Let o be (-2)/2*1 + (-2 - -5). Let u be g(o). Suppose b + u = 0, -2*b - 3*b + 214 = 2*p. What are the prime factors of p?
2, 7
Let n = 33843 - 23965. What are the prime factors of n?
2, 11, 449
Suppose -q + 4*d - 33 = 0,